e ten thousands digit of 118951?
1
What is the hundreds digit of 3423?
4
What is the hundreds digit of 4199?
1
What is the hundreds digit of 1429?
4
What is the hundreds digit of 15905?
9
What is the thousands digit of 73208?
3
What is the hundreds digit of 3546?
5
What is the tens digit of 2307?
0
What is the units digit of 2443?
3
What is the tens digit of 124?
2
What is the tens digit of 3007?
0
What is the hundred thousands digit of 103492?
1
What is the tens digit of 1402?
0
What is the thousands digit of 1146?
1
What is the units digit of 79191?
1
What is the hundreds digit of 47828?
8
What is the units digit of 123?
3
What is the tens digit of 769?
6
What is the thousands digit of 1490?
1
What is the units digit of 1576?
6
What is the tens digit of 5421?
2
What is the units digit of 116381?
1
What is the units digit of 34709?
9
What is the ten thousands digit of 37488?
3
What is the tens digit of 2683?
8
What is the thousands digit of 4991?
4
What is the thousands digit of 2458?
2
What is the thousands digit of 13881?
3
What is the units digit of 50448?
8
What is the thousands digit of 9126?
9
What is the thousands digit of 84624?
4
What is the units digit of 1289?
9
What is the thousands digit of 69048?
9
What is the tens digit of 58?
5
What is the hundreds digit of 3074?
0
What is the units digit of 1708?
8
What is the hundreds digit of 1095?
0
What is the ten thousands digit of 28200?
2
What is the units digit of 4468?
8
What is the tens digit of 639?
3
What is the tens digit of 8404?
0
What is the units digit of 1002?
2
What is the thousands digit of 3421?
3
What is the units digit of 10497?
7
What is the ten thousands digit of 24314?
2
What is the hundreds digit of 7490?
4
What is the units digit of 1793?
3
What is the hundreds digit of 2211?
2
What is the units digit of 1577?
7
What is the units digit of 2258?
8
What is the thousands digit of 168333?
8
What is the ten thousands digit of 81432?
8
What is the tens digit of 1695?
9
What is the tens digit of 198?
9
What is the thousands digit of 11860?
1
What is the units digit of 2931?
1
What is the units digit of 18070?
0
What is the units digit of 165?
5
What is the hundreds digit of 14677?
6
What is the thousands digit of 9851?
9
What is the thousands digit of 5237?
5
What is the ten thousands digit of 21762?
2
What is the tens digit of 10951?
5
What is the thousands digit of 1890?
1
What is the tens digit of 9979?
7
What is the units digit of 4489?
9
What is the ten thousands digit of 29553?
2
What is the ten thousands digit of 24177?
2
What is the hundreds digit of 607?
6
What is the tens digit of 15512?
1
What is the tens digit of 1429?
2
What is the thousands digit of 22408?
2
What is the ten thousands digit of 65150?
6
What is the units digit of 3890?
0
What is the units digit of 339?
9
What is the hundreds digit of 1411?
4
What is the tens digit of 606?
0
What is the hundreds digit of 6411?
4
What is the hundreds digit of 905?
9
What is the hundreds digit of 121?
1
What is the thousands digit of 8376?
8
What is the units digit of 130?
0
What is the thousands digit of 10088?
0
What is the thousands digit of 4250?
4
What is the thousands digit of 19216?
9
What is the hundreds digit of 37765?
7
What is the tens digit of 39711?
1
What is the ten thousands digit of 115824?
1
What is the tens digit of 1117?
1
What is the tens digit of 5957?
5
What is the hundreds digit of 2327?
3
What is the ten thousands digit of 56234?
5
What is the thousands digit of 1650?
1
What is the thousands digit of 5432?
5
What is the thousands digit of 1574?
1
What is the tens digit of 571?
7
What is the hundreds digit of 2531?
5
What is the units digit of 1794?
4
What is the tens digit of 1514?
1
What is the units digit of 21595?
5
What is the units digit of 15576?
6
What is the hundreds digit of 3703?
7
What is the units digit of 2570?
0
What is the tens digit of 11985?
8
What is the units digit of 382?
2
What is the tens digit of 47?
4
What is the thousands digit of 95477?
5
What is the tens digit of 1197?
9
What is the tens digit of 9863?
6
What is the tens digit of 4866?
6
What is the hundreds digit of 2055?
0
What is the hundreds digit of 2322?
3
What is the ten thousands digit of 86941?
8
What is the thousands digit of 1777?
1
What is the units digit of 239?
9
What is the units digit of 74733?
3
What is the tens digit of 20850?
5
What is the thousands digit of 9153?
9
What is the units digit of 39548?
8
What is the tens digit of 13365?
6
What is the hundreds digit of 2280?
2
What is the ten thousands digit of 16368?
1
What is the units digit of 7633?
3
What is the units digit of 40936?
6
What is the thousands digit of 13052?
3
What is the tens digit of 26080?
8
What is the tens digit of 54584?
8
What is the tens digit of 8443?
4
What is the thousands digit of 4674?
4
What is the hundreds digit of 1552?
5
What is the tens digit of 50954?
5
What is the units digit of 8796?
6
What is the hundreds digit of 59981?
9
What is the hundreds digit of 187799?
7
What is the thousands digit of 10831?
0
What is the thousands digit of 4786?
4
What is the tens digit of 54962?
6
What is the hundreds digit of 1695?
6
What is the hundreds digit of 24996?
9
What is the tens digit of 3238?
3
What is the hundreds digit of 23993?
9
What is the thousands digit of 94034?
4
What is the hundreds digit of 23881?
8
What is the units digit of 1330?
0
What is the thousands digit of 49182?
9
What is the units digit of 1491?
1
What is the hundreds digit of 718?
7
What is the hundreds digit of 15452?
4
What is the tens digit of 1349?
4
What is the ten thousands digit of 26372?
2
What is the units digit of 5992?
2
What is the tens digit of 4016?
1
What is the tens digit of 435?
3
What is the thousands digit of 52953?
2
What is the thousands digit of 6689?
6
What is the units digit of 27337?
7
What is the hundreds digit of 825?
8
What is the thousands digit of 102445?
2
What is the thousands digit of 23548?
3
What is the hundreds digit of 393?
3
What is the hundreds digit of 11160?
1
What is the thousands digit of 1291?
1
What is the hundreds digit of 2443?
4
What is the thousands digit of 2989?
2
What is the thousands digit of 32310?
2
What is the ten thousands digit of 79523?
7
What is the hundreds digit of 51438?
4
What is the ten thousands digit of 82057?
8
What is the hundreds digit of 5035?
0
What is the tens digit of 7362?
6
What is the hundreds digit of 13874?
8
What is the tens digit of 2464?
6
What is the hundreds digit of 140293?
2
What is the tens digit of 4678?
7
What is the tens digit of 420?
2
What is the tens digit of 27382?
8
What is the tens digit of 800?
0
What is the units digit of 804?
4
What is the ten thousands digit of 123864?
2
What is the tens digit of 62?
6
What is the units digit of 1736?
6
What is the units digit of 254?
4
What is the thousands digit of 38902?
8
What is the units digit of 1632?
2
What is the thousands digit of 28118?
8
What is the hundreds digit of 1204?
2
What is the units digit of 445?
5
What is the units digit of 8284?
4
What is the hundreds digit of 10736?
7
What is the tens digit of 78686?
8
What is the units digit of 51684?
4
What is the units digit of 649?
9
What is the thousands digit of 2868?
2
What is the ten thousands digit of 23868?
2
What is the ten thousands digit of 13284?
1
What is the ten thousands digit of 60375?
6
What is the units digit of 439?
9
What is the tens digit of 73547?
4
What is the thousands digit of 7129?
7
What is the hundreds digit of 2439?
4
What is the units digit of 1038?
8
What is the units digit of 16598?
8
What is the units digit of 33706?
6
What is the tens digit of 3287?
8
What is the tens digit of 2121?
2
What is the thousands digit of 4502?
4
What is the thousands digit of 17185?
7
What is the ten thousands digit of 62606?
6
What is the units digit of 7605?
5
What is the ten thousands digit of 142813?
4
What is the ten thousands digit of 103973?
0
What is the hundreds digit of 775?
7
What is the tens digit of 907?
0
What is the units digit of 3446?
6
What is the hundreds digit of 3131?
1
What is the thousands digit of 3647?
3
What is the ten thousands digit of 17954?
1
What is the hundreds digit of 1524?
5
What is the thousands digit of 3